en 150655 is divided by 3147.
2746
Calculate the remainder when 209569 is divided by 290.
189
Calculate the remainder when 25048495 is divided by 17.
15
What is the remainder when 16654432 is divided by 74?
66
What is the remainder when 32572699 is divided by 16286237?
225
What is the remainder when 168124797 is divided by 996?
993
What is the remainder when 200700 is divided by 52?
32
Calculate the remainder when 138968 is divided by 91.
11
Calculate the remainder when 4446739 is divided by 139.
129
Calculate the remainder when 1126241 is divided by 172.
157
What is the remainder when 193762310 is divided by 195522?
8
What is the remainder when 322869 is divided by 161430?
9
What is the remainder when 3170670 is divided by 24?
6
What is the remainder when 167742 is divided by 55882?
96
Calculate the remainder when 2594037 is divided by 339.
9
Calculate the remainder when 11559133 is divided by 804.
25
What is the remainder when 1910227 is divided by 127347?
22
Calculate the remainder when 9727945 is divided by 20.
5
What is the remainder when 2085271 is divided by 5043?
2512
Calculate the remainder when 981602 is divided by 326851.
1049
What is the remainder when 207107460 is divided by 11?
10
Calculate the remainder when 147328313 is divided by 49109421.
50
Calculate the remainder when 125249 is divided by 11383.
36
Calculate the remainder when 1550695 is divided by 3184.
87
Calculate the remainder when 48780 is divided by 2026.
156
Calculate the remainder when 1337403 is divided by 57.
12
Calculate the remainder when 1275625 is divided by 255074.
255
What is the remainder when 38357253 is divided by 11536?
53
Calculate the remainder when 16818229 is divided by 691.
671
What is the remainder when 79875 is divided by 1864?
1587
Calculate the remainder when 1511114 is divided by 3755.
1604
Calculate the remainder when 157589 is divided by 6127.
4414
Calculate the remainder when 15813158 is divided by 552.
14
Calculate the remainder when 152359 is divided by 87.
22
What is the remainder when 1714682 is divided by 37275?
32
Calculate the remainder when 1742288 is divided by 179.
81
Calculate the remainder when 968011 is divided by 76.
75
Calculate the remainder when 6280259 is divided by 30.
29
Calculate the remainder when 649089 is divided by 9141.
78
Calculate the remainder when 4760476 is divided by 4928.
28
What is the remainder when 4965 is divided by 4830?
135
Calculate the remainder when 7137790 is divided by 1019684.
2
What is the remainder when 19412524 is divided by 6473?
6470
What is the remainder when 2059616 is divided by 2059596?
20
What is the remainder when 105316805 is divided by 146?
143
Calculate the remainder when 28954973 is divided by 3.
2
What is the remainder when 6242292 is divided by 43?
25
What is the remainder when 2966952 is divided by 494490?
12
What is the remainder when 1268709 is divided by 685?
89
What is the remainder when 347241 is divided by 16568?
15881
What is the remainder when 1077388 is divided by 159?
4
Calculate the remainder when 618858 is divided by 16.
10
What is the remainder when 282195 is divided by 2094?
1599
Calculate the remainder when 17080861 is divided by 358.
323
What is the remainder when 54717116 is divided by 194?
192
What is the remainder when 1339082 is divided by 87?
65
What is the remainder when 11013745 is divided by 3099?
2998
What is the remainder when 210807 is divided by 1587?
1323
What is the remainder when 1592440 is divided by 1592335?
105
Calculate the remainder when 437468 is divided by 437346.
122
Calculate the remainder when 203202 is divided by 67715.
57
Calculate the remainder when 5161960 is divided by 3265.
3260
Calculate the remainder when 13539242 is divided by 5297.
110
Calculate the remainder when 2671377 is divided by 8427.
18
Calculate the remainder when 13111 is divided by 2958.
1279
Calculate the remainder when 2683 is divided by 1512.
1171
Calculate the remainder when 8094474 is divided by 80.
74
Calculate the remainder when 5823731 is divided by 1941094.
449
Calculate the remainder when 375566 is divided by 78.
74
Calculate the remainder when 21947 is divided by 10790.
367
What is the remainder when 3656610 is divided by 3656596?
14
Calculate the remainder when 3280851 is divided by 27570.
21
What is the remainder when 101499 is divided by 1052?
507
Calculate the remainder when 75070983 is divided by 880.
823
What is the remainder when 12456 is divided by 4693?
3070
Calculate the remainder when 361762 is divided by 58765.
9172
What is the remainder when 601850 is divided by 341?
326
Calculate the remainder when 818204 is divided by 102184.
732
What is the remainder when 392737 is divided by 1785?
37
Calculate the remainder when 5739599 is divided by 476.
467
Calculate the remainder when 3292679 is divided by 1646339.
1
Calculate the remainder when 5918288 is divided by 570.
548
What is the remainder when 135226 is divided by 5914?
5118
Calculate the remainder when 12634724 is divided by 1742.
1740
What is the remainder when 306455 is divided by 76602?
47
What is the remainder when 60315 is divided by 30062?
191
Calculate the remainder when 3156094 is divided by 3757.
214
Calculate the remainder when 350634 is divided by 170834.
8966
Calculate the remainder when 47336 is divided by 1935.
896
Calculate the remainder when 629807 is divided by 314887.
33
What is the remainder when 1039465 is divided by 47240?
185
Calculate the remainder when 2408330 is divided by 15438.
2
Calculate the remainder when 2190542 is divided by 57.
32
What is the remainder when 12772834 is divided by 2834?
2830
What is the remainder when 3879711 is divided by 8?
7
What is the remainder when 812294 is divided by 2382?
32
What is the remainder when 119218 is divided by 2418?
736
What is the remainder when 3698933 is divided by 75?
8
What is the remainder when 64375 is divided by 31921?
533
Calculate the remainder when 2737775 is divided by 6057.
11
What is the remainder when 4180019 is divided by 42652?
123
What is the remainder when 1853116 is divided by 4029?
3805
What is the remainder when 697045 is divided by 25611?
5548
What is the remainder when 372295 is divided by 30976?
583
What is the remainder when 134054 is divided by 19132?
130
What is the remainder when 255212 is divided by 21259?
104
Calculate the remainder when 18120893 is divided by 85.
83
Calculate the remainder when 11042458 is divided by 270.
268
Calculate the remainder when 14137 is divided by 3322.
849
What is the remainder when 131152 is divided by 572?
164
Calculate the remainder when 118983 is divided by 39531.
390
What is the remainder when 2106575 is divided by 218?
41
Calculate the remainder when 7641362 is divided by 10439.
14
What is the remainder when 14884243 is divided by 2976848?
3
Calculate the remainder when 79642 is divided by 2744.
66
Calculate the remainder when 174644 is divided by 87296.
52
Calculate the remainder when 850837 is divided by 19337.
9
Calculate the remainder when 64160697 is divided by 703.
699
What is the remainder when 1734649 is divided by 288?
25
What is the remainder when 11590444 is divided by 21?
19
What is the remainder when 13512565 is divided by 6756280?
5
What is the remainder when 1328429 is divided by 529?
110
Calculate the remainder when 2181114 is divided by 2551.
9
Calculate the remainder when 2094089 is divided by 4.
1
What is the remainder when 1008418 is divided by 168061?
52
What is the remainder when 70649843 is divided by 35324920?
3
What is the remainder when 7217579 is divided by 40?
19
Calculate the remainder when 14247708 is divided by 95.
83
Calculate the remainder when 393312 is divided by 196640.
32
What is the remainder when 5890605 is divided by 364?
357
What is the remainder when 8116083 is divided by 8116072?
11
What is the remainder when 75864 is divided by 82?
14
Calculate the remainder when 6677798 is divided by 5.
3
What is the remainder when 39077179 is divided by 2442323?
11
What is the remainder when 482776 is divided by 120554?
560
Calculate the remainder when 72553 is divided by 68792.
3761
Calculate the remainder when 1539022 is divided by 223.
99
What is the remainder when 142034 is divided by 250?
34
Calculate the remainder when 299